st common divisor of m and 50.
10
Suppose 20 = y - 5*u, -60 = -3*y + u - 3*u. Suppose 5*p - 147 - 3 = 0. Calculate the greatest common divisor of y and p.
10
Let s = -264 + 159. Let b = s + 186. Calculate the highest common factor of 9 and b.
9
Let i = -10 + -330. Let j be (i/25)/(4/(-10)). Suppose 5*w - m - j = 0, -2*m = -w - 0*w + 5. Calculate the highest common divisor of 28 and w.
7
Let c = 128 - 81. Suppose 24 = 5*k + w - c, -4*k + 5*w + 51 = 0. What is the greatest common factor of k and 2?
2
Let x(s) = -4 + 2*s + s - 1 + s. Let f(q) = -q**3 + 7*q**2 + 2*q - 9. Let d be f(7). Let z be x(d). What is the highest common factor of 30 and z?
15
Suppose -4*b - 5*g - 151 = -6*b, 0 = -4*b - g + 247. What is the highest common divisor of b and 36?
9
Let g = -128 + 130. Suppose g = 8*a - 6. What is the highest common divisor of a and 11?
1
Let z be 1 - (39*-11)/3. Let y = -12 - -4. Let f be (-3 - (-4 + 3))*y. Calculate the highest common factor of z and f.
16
Let r = -717 + 727. Suppose -2*g + g - 14 = 0. Let x = 29 + g. What is the greatest common divisor of x and r?
5
Let r(s) = -13*s - 2. Let w be r(-7). Let u = 206 - w. Calculate the highest common factor of u and 9.
9
Let s = 21 + 0. Let i(c) = c**3 + 8*c**2 + 9*c + 17. Let u be i(-7). Suppose 5*t - 2*l - 830 = 0, -u - 7 = -2*l. Calculate the highest common factor of s and t.
21
Let p(n) = 26*n**2 - 28*n**2 - 21*n - 8 - 3. Let s be p(-9). What is the highest common divisor of s and 144?
16
Let j(p) = 6*p - 80. Let n be j(45). What is the greatest common divisor of 20 and n?
10
Suppose -x = -37*x + 1044. What is the greatest common divisor of 1044 and x?
29
Let g be -3*1 - (2 + -453). Suppose 5*o - 3*o = g. Suppose 2*y + 2*n - 80 = 0, -2*n + n - o = -5*y. Calculate the highest common factor of y and 110.
22
Let f(t) = -t**3 + 21*t**2 + 47*t + 52. Let u be f(23). Suppose -5*s = -3*i - 253, 0*i - 99 = -2*s - i. What is the highest common factor of s and u?
25
Let g be -24*(5 - (-14)/(-2)). Calculate the highest common factor of g and 984.
24
Let f be (-1 + 3 - 2) + 1. Let a(i) = 3*i + 7. Let n(y) = -3*y + 15. Let j be n(5). Let l be a(j). Calculate the greatest common factor of l and f.
1
Suppose -3*r = -108 + 39. Let s(f) = 2*f - 27 + 24 - r*f. Let h be s(-3). What is the highest common factor of 24 and h?
12
Suppose -11*g + 17133 = -3349. What is the highest common divisor of g and 49?
49
Let x = 338 - 20. Calculate the greatest common factor of 12 and x.
6
Let c = 18 + -6. Let x(z) = z - 4. Let t be x(6). Suppose 0 = -l + 3*q + 39, 5*l - l - 126 = t*q. What is the greatest common factor of l and c?
6
Suppose 101 = 6*a + 5. What is the highest common divisor of a and 52?
4
Let b = -341 - -791. Calculate the highest common factor of 60 and b.
30
Let h = -99 - -179. Let m = -60 + h. What is the highest common divisor of m and 180?
20
Suppose 0 = -11*g + 710 - 105. Suppose 0 = 5*j + 5*t - 70, -5*j + g - 5 = -5*t. What is the greatest common divisor of 48 and j?
12
Let c(b) = b**2 - 4*b - 2. Let h be c(0). Let s be (14/21)/(h/(-15)). Calculate the highest common factor of 5 and s.
5
Let m = 57 + -57. Suppose m = 5*z - 5*q - 166 - 129, -q = 5*z - 319. What is the highest common factor of 21 and z?
21
Suppose -j = 5*j + 276. Let d = j + 49. Calculate the greatest common divisor of 3 and d.
3
Suppose 5*k - 4*m + 120 = m, 122 = -5*k + 3*m. Let z be (-5)/k + (-439)/(-5). Calculate the highest common factor of z and 11.
11
Let l = 76 - 12. Let j be 54*(-5)/(-10) + (-25)/(-5). What is the highest common factor of l and j?
32
Let r = -12422 - -12423. Let s be (-1)/((-2)/(-4)*-2). Calculate the highest common factor of s and r.
1
Let t(r) = 4*r - 19. Suppose 0*l = -l + 9. Let i be t(l). What is the greatest common factor of i and 170?
17
Let g be (42/35)/((-3)/160). Suppose 460 - 8 = -4*c. Let w = g - c. Calculate the highest common factor of 7 and w.
7
Suppose -3*z + n = -62, 3*z - 3*n = -5*n + 56. What is the greatest common divisor of 460 and z?
20
Suppose -3*y = -l - 9, 5*l - 2*y + y + 59 = 0. Let v be 12*(-3)/(l/10). Let p = -18 + v. What is the greatest common divisor of 132 and p?
12
Suppose 5*h = 319 - 219. Calculate the greatest common factor of h and 820.
20
Let w = -23 + 27. Suppose -3*j + 124 = -4*r, 2*r - 134 = -3*j + w*r. Calculate the greatest common divisor of 48 and j.
48
Let n(d) = -3*d + 90. Let o be n(0). Calculate the greatest common factor of 20 and o.
10
Let d be 214/8 + (-20)/(-16) + -8. Calculate the greatest common divisor of 590 and d.
10
Suppose 9 = 3*w, 0*w - 12 = -3*a + 3*w. What is the highest common factor of 28 and a?
7
Let t(n) = 126*n - 52. Let a be t(1). What is the highest common divisor of 518 and a?
74
Suppose 0 = 2*c + c + 12. Let i be c/26 + (-164)/(-52). Suppose -4*u + o - 2*o = -480, 3*u = -i*o + 351. Calculate the greatest common factor of u and 11.
11
Let g(y) = -29*y + 518. Let q be g(16). Suppose -4*l = -3*h - 540, 3*h = -3*l + 5*h + 405. What is the greatest common factor of q and l?
27
Let a(q) = -1530*q**2 + 4*q + 11 + 8 + 1531*q**2. Let u be a(-7). Calculate the greatest common divisor of u and 440.
40
Let s be -26*(30/(-8) - 7/(-28)). Suppose -b - 2 = b + y, 5*b = 5*y + 10. Suppose 2*q - 9 - 17 = b. Calculate the greatest common divisor of s and q.
13
Let n(a) be the third derivative of -7*a**4/8 + 11*a**3/3 - 47*a**2. Let w be n(-7). What is the greatest common divisor of w and 13?
13
Let i(j) = -j + 7. Let b be i(4). Let d = 89 - 86. Suppose 5*s - d*s = -4*x + 16, -x + b*s = 3. What is the greatest common divisor of 6 and x?
3
Let f(o) = o**2 - 7*o - 48. Let t be f(14). What is the highest common factor of 4 and t?
2
Let u be 14/35 + (-4)/10. Suppose -q + 3*y + 0*y = -8, u = -5*q + 4*y + 84. Let x be (-20)/6*1*-48. Calculate the highest common divisor of x and q.
20
Let g = -29 + 39. Let f(u) = u + 2. Let w be f(-2). Let v be (w - -26) + (-6)/6. Calculate the greatest common factor of g and v.
5
Let t(n) = 2*n**2 + 5*n - 15. Let c be t(-7). Let s = c + -33. What is the greatest common factor of 60 and s?
15
Let h(w) = -8*w - 158. Let f be h(-23). Calculate the highest common divisor of 52 and f.
26
Suppose 4*u - 107 = -5*k, u - 23 = -4*k + 2*k. What is the greatest common factor of u and 44?
11
Suppose 10*o = 12*o + q - 10, 0 = 3*o - q - 5. What is the greatest common factor of o and 21?
3
Suppose -51*q + 55866 = -216678. What is the highest common factor of 32 and q?
32
Suppose -1203 - 147 = -54*v. What is the greatest common factor of v and 175?
25
Let t(d) = d**3 - 12*d**2 + 10*d + 23. Let w be t(11). Calculate the greatest common factor of w and 1356.
12
Let m(r) = 4*r**2 - 11*r - 12. Let l be m(5). What is the greatest common divisor of 121 and l?
11
Suppose -62 + 317 = 3*j. Suppose r - j = 6*r. Let h be r*8/(-4) - -2. Calculate the highest common factor of 4 and h.
4
Let k be (-11635)/155 - 14/(-217). Let d = 20 - -28. Let r be ((-16)/d)/(1/k). Calculate the greatest common factor of 50 and r.
25
Let z be ((-897)/15 + 1)*(-5)/2. Let r = z + -70. Calculate the greatest common factor of r and 11.
11
Let d be ((-1)/2 + -4)*(-24 + -4). Let t be 2 - (2/(-2) + -11). Calculate the greatest common divisor of t and d.
14
Suppose 18*p + 279 = 1467. What is the highest common factor of 99 and p?
33
Suppose 5*m + 96 = -5*z + 671, 0 = -3*z - m + 353. Suppose 0 = 5*f + 2*c - 122, 3*f - 8*f + z = -c. Calculate the highest common divisor of 3 and f.
3
Let a be (4128/(-36))/((2 - 1)/3). Let g be -2 + a/(-44) - 2/(-11). Let t be 4/(1 - 93/99). What is the greatest common factor of t and g?
6
Suppose 3*l = -3*j + 15, 2*l + 0*j = -4*j + 16. Let z be 1 + l + (6 - 2). Let u be 558/z - (-6)/21. What is the highest common factor of u and 20?
20
Let a(c) = -c**2 - 6*c + 9. Let j be a(-7). Suppose -6 + 36 = 10*d. What is the greatest common factor of j and d?
1
Suppose -18 = -7*f - 214. Suppose -5*r + 0*r + 100 = 0. Let m = r - f. Calculate the greatest common factor of m and 8.
8
Suppose b + 2*w = -6 - 6, 0 = 3*w. Let c be 704/(-33)*81/b. Calculate the greatest common factor of c and 16.
16
Suppose 0 = 3*k + 2*r - 1034, 5*k - 9*r - 1698 = -6*r. What is the greatest common divisor of 9 and k?
9
Let n = -77 - -198. What is the highest common divisor of n and 22?
11
Sup